d be 0 - ((-1)/1 + -3). Suppose -u + d*u - 9 = 0. Let l(o) = 5*o**u - 8*o**3 - 7*o**3 + o. Give l(1).
-9
Suppose -o + 5 = m, 3*m = -m + 12. Let k be 0 - -1*(1 + 0). Let d(n) = k + 2 - 4 - o*n. What is d(-4)?
7
Let s(k) = 3*k - 5. Let w(v) = 1. Let a(l) = -s(l) - 4*w(l). What is a(-3)?
10
Let i(y) = -6*y - 1. Suppose -12 = -m - m. Let x be (-24)/16*4/m. Calculate i(x).
5
Let n(w) = 5*w**3 - w**2 - 2*w - 5. Let y(q) = -4*q**3 + 2*q + 4. Let m(j) = 2*n(j) + 3*y(j). Let k(s) = s - 6. Let d be k(7). Let p = d + -3. Give m(p).
6
Let z(o) be the first derivative of -o - 5 + 1/2*o**2 + 0*o**3 + 3/2*o**4. Suppose 0 = -5*l - h + 8, 4*l + 8 = 2*h + 2*h. What is z(l)?
6
Let c = -10 - -7. Let l(f) be the second derivative of 1/4*f**4 - f**2 + 0 + 1/6*f**3 + 1/20*f**5 - 5*f. Determine l(c).
-5
Suppose -n + s + 16 = 4*n, -4*n - s + 20 = 0. Let h(i) = -2 - 1 + n + 5*i. What is h(-1)?
-4
Let n(i) = -i**2 - 7*i + 10. Let k be (-12 - -11)*(3 - -4). Determine n(k).
10
Let v(p) = 5*p**2 + 2*p**2 - 26*p**3 + 15*p**3 + p + 10*p**3. What is v(7)?
7
Suppose 3*i + 2*x - 11 = 0, -i + 0*x - 5*x + 21 = 0. Let u(z) = i + 5*z**2 + 2*z**2 - z**2. Determine u(-1).
7
Let i(m) be the third derivative of -m**5/60 + m**4/6 + 5*m**3/6 + m**2. Let p(u) = -u - 7. Let j be p(-12). Give i(j).
0
Let h(w) be the second derivative of w**3/2 + w**2/2 + 14*w. Determine h(2).
7
Let v(a) = a**2 - 6*a - 10. Suppose 0 = -z + 5*d - 13, 3*d + d = -3*z + 37. Calculate v(z).
-3
Let g(m) = -6*m**2 + 4*m + 7. Suppose 0 = a + 2*n - 2, 3*a - 4*n = n + 28. Let j(d) = d + 1. Let p(s) = a*j(s) - g(s). Determine p(1).
7
Let i(s) = s - 1. Suppose 3 = r - 3. Suppose 4*p + r = 2*p. Determine i(p).
-4
Let w(n) = -6*n**3 - 11*n**2 - n + 6. Let k(v) = 5*v**3 + 10*v**2 + v - 5. Let a(x) = -5*k(x) - 4*w(x). Calculate a(-6).
7
Suppose 4*g + 5 = 9*g. Let z(c) = 4 + c + g - 2. What is z(-5)?
-2
Suppose -3*c = -5*v + 25, v - 17 = 3*c - 0. Let o(h) = -h**3 - 6*h**2 - 2*h - 2. Give o(c).
-17
Let g(y) be the first derivative of 1/20*y**5 - 2 + 0*y**4 - 1/2*y**3 + 3*y + 3/2*y**2. Let h(r) be the first derivative of g(r). Calculate h(2).
5
Let h(y) = y**2. Let r(u) = u**2 - 23*u + 27. Let m be r(22). Calculate h(m).
25
Let v(x) = 2*x**2 + 5*x - 5. Let w(q) = -q**2 - 6*q + 5. Let j(m) = -2*v(m) - 3*w(m). Calculate j(5).
10
Let k(g) = -4*g - 20*g**2 - 5*g + 4*g - 2 + 19*g**2. Let d be 4/(-12) + (-11)/3. What is k(d)?
2
Let f be (-2 + 2)/(3 - 1). Suppose 3*a - 2*q + 17 = -3*q, f = -2*a - 4*q - 28. Let l(h) = h. Calculate l(a).
-4
Let t(g) = -2*g**3 - 4*g**2 - 3*g. Let l(k) = k - 4. Let q = -1 + 3. Suppose 3*d = q*d + 2. Let f be l(d). Calculate t(f).
6
Let f be 1/(3/(-6)*-1). Suppose 5*x + 15 = f*x. Let d be ((-2)/4)/(x/10). Let b(n) = 6*n**3 - 1. What is b(d)?
5
Suppose 0 = -8*t + 4*t + 52. Let f = t + -16. Let q(c) = -c - 3. What is q(f)?
0
Let g(f) be the third derivative of f**5/30 - 2*f**3/3 - 3*f**2. Let o(y) be the first derivative of g(y). Give o(3).
12
Let n(m) = m**2 + m - 1. Let b(o) = -10*o**2 - o + 1. Let r(g) = -b(g) - 2*n(g). Give r(1).
8
Let y(p) = 17*p + 15. Suppose 0*x + 8 = -x. Let r(l) = 11*l + 10. Let n(i) = x*r(i) + 5*y(i). Calculate n(-4).
7
Let h(r) = 3*r**2 - r**3 - 2 - r - 2*r**2 + 3. Let s = -5 + 6. Give h(s).
0
Suppose 3 = k, 4*l + 5*k = 3*k - 14. Let g be (2/2)/(1/l). Let o(m) be the first derivative of m**2 + 3*m - 33. What is o(g)?
-7
Let s = -4 + -2. Let p(h) = -h**3 - 5*h**2 + 10*h + 9. Calculate p(s).
-15
Let q(o) = -11*o**2 + 25*o - 8. Let v(c) = 5*c**2 - 12*c + 4. Let p(l) = 6*q(l) + 13*v(l). What is p(-5)?
9
Let j be 2 + -4 - (-6 + 0). Let u be (3/6)/(2/j). Let a(n) = -11*n + 1. Calculate a(u).
-10
Let q(r) = r**2 + 5*r + 4. Let y(b) = b - 16. Let p be y(11). Determine q(p).
4
Let s(l) = l**3 + 2*l**2 - 2*l. Suppose 3*v - 2 - 4 = 0. Let r = v + 10. Suppose -2*y - 2*t = 0, 5*y + 3*t + r = 2*t. What is s(y)?
-3
Let z(t) = -t - 6. Let k = 14 - 23. Let p be z(k). Let a(r) = -r + 3. Determine a(p).
0
Let p(f) = f + 1. Let d(r) = -r**2 + r + 8. Let m(o) = -d(o) + 2*p(o). Let k(t) = 3*t**3 + 2*t**2 - 2*t + 1. Let l be k(1). Suppose 0 = l*i - 6*i. Give m(i).
-6
Suppose -30 = -3*w - 30. Let v(t) = -t - 6. Give v(w).
-6
Let u = -2 - -3. Let p(z) = -4 + 0 + 4 - z - 4*z**2. Give p(u).
-5
Let w(m) be the first derivative of -1/60*m**5 + 0*m**2 + 0*m + 1/8*m**4 + 1 - 2/3*m**3. Let g(p) be the third derivative of w(p). Give g(5).
-7
Let w(b) be the third derivative of b**8/10080 - b**7/5040 - b**6/360 - 7*b**5/60 + 10*b**2. Let q(d) be the third derivative of w(d). Give q(-2).
8
Let h(w) = w**2 - 2*w + 2. Let s(n) = 6*n - 28. Let j be s(5). Give h(j).
2
Let w(o) be the first derivative of -2 + 0*o**2 + 1/8*o**4 + 0*o - 1/360*o**6 + 2/3*o**3 + 1/24*o**5. Let h(c) be the third derivative of w(c). Give h(4).
7
Let w(j) = 2*j + 1 - 1. Let y(f) = 1. Let q(a) = w(a) - y(a). Let p be q(-1). Let u(i) = i - 4. Determine u(p).
-7
Let t = 21 + -15. Suppose 3*z + 8 = w, -t = z - 3. Let q(p) = 7*p**3 - 2*p**2 + 1. Calculate q(w).
-8
Let x be (-2)/(2 + 1 - 1). Let f(o) be the first derivative of -4*o**3/3 + o + 1. Give f(x).
-3
Let k(r) = -r**3 - 6*r**2 - 5*r - 6. Suppose 2*n + 5*i - 5 = -0*i, -4*n = 4*i + 8. Determine k(n).
-6
Let v(o) = 5*o**2 + 4*o + 5. Let z be v(-7). Let f be z/42 + 4/(-14). Let c(y) = -y**2 + 7*y - 6. What is c(f)?
4
Let p(s) = s. Let b be p(-2). Let u(q) = q**2 + q + 1. Let i(m) = 5*m**2 + 5*m + 4. Let f(w) = -2*i(w) + 9*u(w). Give f(b).
-1
Let n(h) be the first derivative of -h**3/3 - 2*h**2 - 5*h + 8. Suppose -5*f - 2*k = 26, 3 = -k - 0. Determine n(f).
-5
Let p be (-2)/(-3 + 36/(-4)). Let m(c) be the second derivative of 1/2*c**2 - p*c**4 + 0 + c - 1/6*c**3. Determine m(1).
-2
Let j(v) = -v**2 + 2*v + 5. Suppose 5*d = -r + 78, -5*d + r = -0*d - 72. Suppose 2*u = 1 + 1. Suppose -4*i + u + d = 0. Determine j(i).
-3
Let r(j) = -j**2 - 2*j - 8. Let l(w) = -w - 1. Let i(n) = -2*l(n) + r(n). Give i(0).
-6
Let n(j) = -j**2 + 5*j + 3. Let y be 189/14 - 2/4. Suppose -4*t = -y - 7. Calculate n(t).
3
Let q(l) be the third derivative of 11*l**5/60 - l**4/12 + l**3/6 + l**2. Let z(m) = -m**3 - 4*m**2 - 3*m + 1. Let w be z(-1). Determine q(w).
10
Let p(s) be the third derivative of -5*s**4/24 + s**3/6 + 6*s**2. What is p(1)?
-4
Let s(g) = -7*g**2 - 2*g + 3. Let l(p) = 3*p**2 + p - 1. Suppose 5*f - 8 = 3*f. Let c(b) = f*s(b) + 9*l(b). Determine c(0).
3
Let a(g) be the first derivative of -2*g**2 - g + 16. Give a(3).
-13
Let c(h) = -h**2 - 3*h + 2*h + 2*h. Let j(a) = 2*a - 1. Let y(u) = 5*u - 2. Let r(g) = 11*j(g) - 4*y(g). Let v be r(3). What is c(v)?
-6
Let u(k) = -2*k + 2. Let z be u(0). Let n(a) = -4*a**2 - 2 + a**z - 2*a**2 + 1 + a**3. Calculate n(5).
-1
Let d(b) = 55 - 122 + 64 + 2*b**2 - 4*b + b**3. Give d(-3).
0
Let c(q) = 8*q**2 + 0 + 3*q**2 + 5 - 12*q**2. Let j(s) = s - 4. Let r be j(4). Give c(r).
5
Let f(n) = -5*n + 6 + 3*n - 4 + 1. Calculate f(6).
-9
Suppose 8*u = 3*u - 5. Let s be 0 + 0 + -2 - u. Let n(f) = -f**3 + f**2 - f + 1. Let g(p) = -4*p**3 - p**2 - p + 2. Let d(l) = -g(l) + n(l). Give d(s).
-2
Let i(l) = l**2 + 6*l - 9. Let h be i(-7). Let o(q) = q**2 + q + 1. Let d(a) = -2*a**2 - 6*a - 7. Let b(r) = d(r) + 4*o(r). Calculate b(h).
9
Let f(i) be the first derivative of -i**7/840 - i**6/120 - i**5/60 - i**4/12 - 2*i**3/3 - 3. Let m(l) be the third derivative of f(l). Calculate m(-2).
-2
Suppose -2*m + 1 = -3. Let z be 0 + (1 - 0/m). Let q(j) = 41*j + 14. Let d(f) = -14*f - 5. Let s(h) = 17*d(h) + 6*q(h). Calculate s(z).
7
Let v be ((-28)/35)/(2/(-5)). Let x(d) = 5*d. What is x(v)?
10
Let o(j) = 2*j**2 - 3*j + 3. Let z be o(2). Suppose 5*a + z*x = 3*x + 30, -4*x - 36 = -2*a. Let i(m) = 2*m + 7 - 2*m + 2*m - a. What is i(-5)?
-11
Let m(a) = -a**3 - 6*a**2 + 7*a - 4. Let r be m(-7). Let f(v) = -8. Let x(o) = o + 7. Let h(b) = -2*f(b) - 3*x(b). Calculate h(r).
7
Suppose 7 = -5*y - 18. Let z(w) be the first derivative of w**2/2 + 25. Calculate z(y).
-5
Suppose -2*u + 127 = 121. Let p(a) be the third derivative of -a**5/60 + a**4/24 + 2*a**3/3 - 2*a**2. Determine p(u).
-2
Suppose 6*h = -22 - 8. Let x = h - -5. Let d(c) = -3*c**2 + c + 3. Let y(f) = -f**2 - 1. Let t(z) = d(z) - 2*y(z). What is t(x)?
5
Let a(f) = f**3 - 7*f**2 + 9*f - 6. Let t = 18 - 16. Suppose t*j + 1 = 13. What is a(j)?